*u. List the prime factors of u.
3
Suppose -35*u + 32*u = -75. Suppose -u*y + 19*y = -1062. What are the prime factors of y?
3, 59
Suppose -3*a + 4*b = 11, -3*b = -5*a - 0*b - 33. Let c = a - -19. Let i(j) = -j**2 + 12*j - 12. List the prime factors of i(c).
2
List the prime factors of 1/(((-8)/1)/(-11904)).
2, 3, 31
Suppose 180*j - 39816 = 171*j. List the prime factors of j.
2, 7, 79
Let w = -1152 + 2291. List the prime factors of w.
17, 67
Suppose 5*f = 4*f + 5. What are the prime factors of (246/10)/(f + (-72)/15)?
3, 41
Let c(f) = -f**3 - 6*f**2 + 2*f + 14. Let a be c(-6). Suppose -4*v = -16, 0 = 4*p - a*p - 3*v - 36. List the prime factors of p.
2, 3
Let a = 2 + 0. Suppose a*m + t + 45 = 0, 5*t + 57 = -3*m - 0*t. Let g = -15 - m. What are the prime factors of g?
3
Let f(n) be the third derivative of -17*n**4/24 + 17*n**3/6 + 27*n**2. List the prime factors of f(-3).
2, 17
Let h be -4 - (-12)/2 - -832. Suppose -3*m - h - 21 = -4*c, 2*c - m = 425. List the prime factors of c.
2, 3, 5, 7
Let v = -20 - -25. Suppose 1 = -3*t - v. What are the prime factors of (-66)/t - (18 + -21)?
2, 3
Let d be (-10)/15 - (-19)/(-3). Let i = 2 + 19. What are the prime factors of 0/d + (i - 0)?
3, 7
Let d(y) = 3*y**2 + 29*y - 34. Let g(b) = -b**2 - 14*b + 17. Let t(a) = 2*d(a) + 5*g(a). What are the prime factors of t(16)?
3
Let g = -4 + 7. Suppose -4*c + 89 = -4*k - 635, -g*c + 2*k + 539 = 0. List the prime factors of c.
3, 59
Let p be -5*((-832)/20)/(-4). Let q = -84 - p. Let l = q + 59. List the prime factors of l.
3
Let y(x) = 4*x - 1 + 6 - 2. List the prime factors of y(2).
11
Let h = -1054 + 2069. What are the prime factors of h?
5, 7, 29
Suppose -d - 1 = 0, -3*c + 7130 = -2*d + 1731. Suppose 28*b = 35*b - c. List the prime factors of b.
257
Suppose -9 - 6 = 5*v. Let j(d) = -6*d + d - 3*d**2 + d - 1 + 2*d**2. List the prime factors of j(v).
2
Suppose -2 + 3 = p. Let y = p + -9. Let k(j) = -j**2 - 9*j + 10. List the prime factors of k(y).
2, 3
Suppose -3*l + 11*l + 200 = 0. Let w be 1/(1/(-18)*2). Let i = w - l. What are the prime factors of i?
2
Let w be (254 - 2) + (0/(-3))/(-1). Suppose 224 = 3*d - 4*c, 3*d + c + 2*c = w. What are the prime factors of d?
2, 5
Suppose 30 = 3*l - 0*l. Suppose l*v - 88 = 142. What are the prime factors of v?
23
Let b(c) = 3*c**2 + 8*c - 62. What are the prime factors of b(-19)?
11, 79
Suppose 7 + 2069 = 5*m + 4*j, -3*m + j + 1249 = 0. Suppose 136 = -4*y + m. Suppose 0 = 3*b - 71 - y. What are the prime factors of b?
47
Suppose -4*u = -3*u. Let b be 0 - -3 - u/(-4). Let w = b + 29. List the prime factors of w.
2
Let t be (-32)/5 + 6/15. Let d = t - -24. List the prime factors of d.
2, 3
Let s(p) = 3*p**3 + 6*p**2 + 4*p + 16. List the prime factors of s(6).
2, 113
List the prime factors of (2/10)/(37/46435).
251
List the prime factors of 1 + 1885 - -9*5/(-15).
7, 269
Suppose 7*k - 3*k - 20 = 0. Suppose -k*x - 5 + 55 = 0. What are the prime factors of (x/(-30))/((-2)/258)?
43
Suppose 4*a - 2*c = 4084, 5*c + 1837 = -4*a + 5921. What are the prime factors of a?
1021
Suppose 7*s - 120 = 6*s. Suppose -3*n + s = 5*t - 149, 3*n - 2*t - 241 = 0. List the prime factors of n.
83
Let s(l) = -14*l**3 + 44*l**2 - 11*l - 3. Let m(z) = -5*z**3 + 15*z**2 - 4*z - 1. Let x(a) = -17*m(a) + 6*s(a). List the prime factors of x(-8).
47
Let u = -907 + 1520. What are the prime factors of u?
613
List the prime factors of (-1)/2 + 9924/24.
7, 59
Let m = 14 - 9. Suppose m*y + 108 = 438. List the prime factors of y.
2, 3, 11
Let z = 226 + 103. What are the prime factors of z?
7, 47
Suppose 0 = -5*j - 3*w + 498, -j - 12*w = -7*w - 104. List the prime factors of j.
3, 11
Let i(g) be the third derivative of g**7/2520 + g**6/120 + g**5/60 - 3*g**2. Let h(m) be the third derivative of i(m). What are the prime factors of h(9)?
2, 3
Suppose v = 3*v - 6. Suppose -v*h = -h - 40. Let f = h + -16. List the prime factors of f.
2
Let u = 183 + -86. Suppose -4*r + u = -5*x, -13 = -r + 5*x - 0*x. List the prime factors of r.
2, 7
Let c = 2 + -15. Let x = c + 28. Suppose g + 2*a + a - x = 0, 0 = 3*g - 3*a + 3. What are the prime factors of g?
3
What are the prime factors of ((-277)/2)/(3 - (-35)/(-10))?
277
Let s(w) = w**3 - 15*w**2 - 15*w - 15. Let u be s(16). What are the prime factors of 21*((u/1 - -2) + 0)?
3, 7
Let t(k) = -6*k - 14. Let f be t(-9). Let n = f - -24. List the prime factors of n.
2
Suppose 0*j + 5*v - 45 = 2*j, -3*v - 9 = 0. Let d = -16 - j. Let k = d - -10. List the prime factors of k.
2, 3
Let q be (12/(-18))/((-1)/3). Let u be (-60)/8*q*1. What are the prime factors of (-6)/15 + (-936)/u?
2, 31
Let q(r) = r**2 + 13*r + 2. Let k be q(-13). Suppose -5*o + k = -43. List the prime factors of -30*-1*3/o.
2, 5
Let p = -28 - -31. List the prime factors of 83 - (p + (-6)/9*3).
2, 41
Suppose 0 = 4*w + w + 4*f + 80, w = -4*f - 32. Let b = w - -14. Suppose 0 = b*s - 5*s + 63. List the prime factors of s.
3, 7
Let i be (1 + 5/(-3))/((-12)/54). What are the prime factors of 248*((2 - 9/2) + i)?
2, 31
Let c = -173 - -356. What are the prime factors of (1 + 3)*(2 + c)/5?
2, 37
Let k be (20/(-12) - -2)*-15. Let u = 10 + k. Suppose 5*i - u*s = 50, -i - 1 - 1 = 3*s. List the prime factors of i.
7
Let b(l) = 7*l + 64. List the prime factors of b(8).
2, 3, 5
Suppose -554*w + 542*w = -13200. List the prime factors of w.
2, 5, 11
Let g(t) = 4*t + 77. List the prime factors of g(16).
3, 47
Suppose 8*a - 1440 = 2*a. Let m = a + -161. List the prime factors of m.
79
Suppose x - 51 - 227 = 0. Let h = x - 143. Suppose 0 = 6*s - 11*s + h. List the prime factors of s.
3
Let a = 52 + -21. Let l = a + -19. Suppose -4*j + l = -3*j. List the prime factors of j.
2, 3
Let w = -11 + 13. Suppose 5*t - 2*f - 86 = 0, -31 - 3 = -2*t + f. Let z = t - w. List the prime factors of z.
2
Suppose 0 = -5*r + 4*d + 239, 0 = -r - 0*r - 4*d + 67. Let u = 74 + r. What are the prime factors of u?
5
What are the prime factors of 29 + -21 + (-2938)/(-1)?
2, 3, 491
Let c(f) = -f**2 + 13*f - 11. Let n = 13 + -4. Let b be c(n). Suppose -150 + b = -5*h. List the prime factors of h.
5
Let l = -8 - -12. Let h be 488/7 - l/(-14). Suppose -t - h = -6*t. What are the prime factors of t?
2, 7
Suppose 3*j = 2*h + 2765, 1347 = j - h + 426. List the prime factors of j.
13, 71
Suppose 5*k = 3*x - 114, -k + 5*x - 57 = k. Let z(r) = 6*r**2 + 2*r - 1. Let o be z(-3). Let v = o + k. List the prime factors of v.
2, 13
Let c = 955 + 80. What are the prime factors of c?
3, 5, 23
Let r(y) = 8*y**2 + 9*y + 13. What are the prime factors of r(-10)?
3, 241
What are the prime factors of (308/16 + -6)*(4 + 0)?
53
Suppose 0 = 4*o - 2*p + 7*p - 36, 2*o = 2*p. Suppose 5*t - 103 = o*t. Let v = -38 + t. List the prime factors of v.
5, 13
Let b = 3036 - 2078. List the prime factors of b.
2, 479
Suppose -5*s = -7*s + 400. What are the prime factors of s?
2, 5
Let u be 328/32 + 2/(-8). Let m = u - 8. List the prime factors of (m - -3)*120/25.
2, 3
Let m be 96/(-18)*171/(-12). Let d = m + -28. List the prime factors of d.
2, 3
Let u(b) = b**2 + 2*b + 5. Let j be u(-4). Let h = -19 + j. What are the prime factors of 8*((-9)/h - -1)?
2, 5
Suppose z = -3*o + 4*z - 18, o = 3*z - 6. Let h be (2/5)/(4279/715 - 6). What are the prime factors of h/(-3) - 2/o?
3
Suppose -a + 5*v - 18 = 0, a - 5*v + 14 = -2*a. Let q = a + 8. List the prime factors of (-10)/(-8)*240/q.
2, 3, 5
Suppose p - 1751 = -2*j + 2979, -4714 = -2*j - 5*p. What are the prime factors of j?
3, 263
Let m be (2/12*5)/((-3)/(-18)). Suppose -64 + m = -w. List the prime factors of w.
59
Let u(r) = 3*r + 27. Let s be u(-9). What are the prime factors of (s - -34) + (-7 - -3)?
2, 3, 5
Let o(b) = -b**2 - 9*b + 15. Let t be o(-10). Suppose 0 = -t*w + 159 + 6. What are the prime factors of w?
3, 11
Let x(q) = q**2 - 2*q + 1. Let d be x(2). Let o be (-24)/(-3) + d + 3. What are the prime factors of 2 + (-80)/(o/(-3))?
2, 11
Let n(l) = -l**3 - 6*l**2 + 2*l + 4. Let q(h) = -3*h**2 - h + 3. Let z(t) = t - 5. Let w be z(3). Let y be q(w). What are the prime factors of n(y)?
3, 13
Suppose 3*h - 277 = -4*s, -5*h = -2*s - 587 + 108. List the prime factors of h.
5, 19
Let w be 85/75 - -2 - 4/30. Let s = w - -3. List the prime factors of s.
2, 3
Let o(q) = 676*q - 1. What are the prime fact